NOAA-Style Climate Reports

Select a Year or Month report
2018: Jan Feb Mar Apr May Jun Jul Aug Sep Oct Nov Dec
2017: Jan Feb Mar Apr May Jun Jul Aug Sep Oct Nov Dec
2016: Jan Feb Mar Apr May Jun Jul Aug Sep Oct Nov Dec
2015: Jan Feb Mar Apr May Jun Jul Aug Sep Oct Nov Dec
2014: Jan Feb Mar Apr May Jun Jul Aug Sep Oct Nov Dec
2013: Jan Feb Mar Apr May Jun Jul Aug Sep Oct Nov Dec
2012: Jan Feb Mar Apr May Jun Jul Aug Sep Oct Nov Dec
2011: Jan Feb Mar Apr May Jun Jul Aug Sep Oct Nov Dec

Report for 2018 February
                   Monthly Climatological Summary for Feb 2018

Name: Westmoreland Weather   City: Export   State: Pennsylvania
Elevation: 1286 ft  Lat: N 40 26 44   Lon: W 079 35 30

                  Temperature (°F), Rain (in), Wind Speed (mph)

                                      Heat  Cool        Avg
    Mean                              Deg   Deg         Wind                 Dom
Day Temp  High   Time   Low    Time   Days  Days  Rain  Speed High   Time    Dir
----------------------------------------------------------------------------------
01  40.2  45.2   10:35  26.3   23:57  24.8   0.0  0.11   6.8  21.3   12:51   SSW
02  16.1  26.3   00:00  11.9   08:09  48.9   0.0  0.00   3.8  15.2   12:26   SSW
03  20.1  33.2   23:59   9.8   04:50  44.9   0.0  0.00   7.2  21.3   09:22   SSW
04  34.6  40.2   02:44  29.0   13:32  30.4   0.0  0.15   6.5  23.5   00:39     S
05  21.9  33.0   00:00  15.7   08:22  43.1   0.0  0.01   4.5  20.6   03:29     S
06  25.5  29.2   15:32  20.0   09:08  39.5   0.0  0.00   2.3   9.8   09:55     S
07  27.6  33.0   10:18  18.4   23:32  37.4   0.0  0.20   0.7   7.6   05:35   NNE
08  19.9  23.8   12:46  16.4   23:52  45.1   0.0  0.00   0.0   0.0   00:00     N
09  28.6  43.1   23:46  14.8   00:56  36.4   0.0  0.14   1.6   9.2   23:45     S
10  44.1  53.3   14:09  37.1   07:45  20.9   0.0  0.19   1.7   9.8   00:40     S
11  45.3  59.8   17:40  33.7   23:52  19.7   0.0  0.43   3.6  18.3   16:18   SSW
12  32.8  44.1   12:49  23.8   23:53  32.2   0.0  0.06   2.9   9.8   03:25     N
13  32.9  49.0   14:07  17.5   07:09  32.1   0.0  0.00   3.0   9.8   14:10    SE
14  47.1  55.7   21:33  39.8   00:00  17.9   0.0  0.31   5.8  15.9   13:46   SSW
15  57.5  62.7   13:05  51.9   05:38   7.5   0.0  1.13   6.4  24.4   10:35   SSW
16  41.7  61.6   01:29  27.8   23:45  23.3   0.0  0.84   3.5  15.9   15:59     N
17  30.8  36.9   11:26  24.3   07:35  34.0   0.0  0.00   1.7   9.8   08:56     E
18  35.4  42.9   10:47  32.1   00:36  27.9   0.0  0.34   2.3  15.9   15:02     S
19  49.6  62.5   23:17  35.9   00:00  14.5   0.0  0.39   3.0  16.8   23:26     S
20  67.0  80.1   14:26  58.0   05:18   1.7   3.6  0.00   8.4  22.8   11:54   SSW
21  59.4  74.2   10:31  42.9   23:55   6.5   0.8  0.09   7.1  21.3   10:41   SSW
----------------------------------------------------------------------------------
    37.1  80.1    20     9.8     3   588.7   4.4  4.39   3.9  24.4    15       S

Max >=  80.0  1
Max <=  32.0  3
Min <=  32.0 13
Min <=   0.0  0
Max Rain: 1.13 on day 15
Days of Rain: 14 (>= 0.01 in)  11 (>= 0.10 in)  1 (>= 1.00 in)
Heat Base: 65.0  Cool Base: 65.0  Method: Integration