nws-alerts: Checking more than four warning/county codes can delay the loading of your pages. You should use a cron job to get the data.

NOAA-Style Climate Reports


Report for 2018 September
                   Monthly Climatological Summary for Sep 2018

Name: Westmoreland Weather   City: Export   State: Pennsylvania
Elevation: 1286 ft  Lat: N 40 26 44   Lon: W 079 35 30

                  Temperature (°F), Rain (in), Wind Speed (mph)

                                      Heat  Cool        Avg
    Mean                              Deg   Deg         Wind                 Dom
Day Temp  High   Time   Low    Time   Days  Days  Rain  Speed High   Time    Dir
----------------------------------------------------------------------------------
01  76.1  87.0   15:36  66.1   06:26   0.0  11.1  0.00   2.6  10.7   19:30     S
02  76.8  87.7   15:50  68.1   06:24   0.0  11.8  0.00   2.5  12.1   14:12     S
03  79.0  92.4   15:29  67.9   06:22   0.0  14.0  0.00   1.9  11.4   11:30     S
04  80.2  96.5   14:57  68.1   06:47   0.0  15.2  0.00   1.2   8.3   15:49   SSW
05  79.9  92.7   15:14  70.1   07:11   0.0  14.9  0.00   2.2  13.0   11:07     S
06  75.2  88.4   11:56  71.5   06:57   0.0  10.2  0.51   1.4  13.6   12:25     S
07  73.5  83.0   15:35  68.1   04:06   0.0   8.5  0.01   0.7   8.3   15:49     N
08  60.5  70.8   00:00  52.1   21:56   5.3   0.8  0.91   2.9  11.4   07:47    NW
09  55.0  58.4   12:47  52.4   00:00  10.0   0.0  3.67   4.6  15.2   01:36   NNW
10  60.6  65.6   18:19  55.7   03:01   4.5   0.0  2.85   3.8  20.6   00:33   SSW
11  64.1  69.5   14:44  60.2   06:49   1.8   0.9  0.00   0.7   4.5   03:11     S
12  68.4  76.5   15:07  61.8   03:49   0.8   4.2  0.00   1.0   6.0   13:49   ENE
13  74.1  86.3   15:07  65.4   06:56   0.0   9.1  0.00   1.4  10.7   15:30   ENE
14  74.3  84.6   15:35  67.4   06:38   0.0   9.3  0.00   1.7   9.2   15:29     E
15  73.8  86.1   14:27  65.2   07:28   0.0   8.8  0.00   1.7  12.1   16:32   WSW
16  72.8  85.4   14:31  63.6   07:14   0.1   7.9  0.00   2.2  13.0   15:11    SE
17  69.7  72.4   14:55  66.6   11:59   0.0   4.7  0.52   2.0  13.0   13:55     N
18  71.2  81.4   15:42  65.9   08:01   0.0   6.2  0.07   1.3   8.3   13:43    SE
19  71.9  85.9   14:25  64.8   06:24   0.0   6.9  0.00   0.9   6.9   11:26   NNW
20  72.6  87.5   13:52  58.7   07:09   1.3   8.8  0.00   1.2   9.2   13:52     S
21  76.4  87.3   13:48  68.8   21:33   0.0  11.5  0.50   6.5  19.7   14:56     S
22  60.1  70.1   00:08  55.8   21:08   5.2   0.4  0.00   1.4   9.8   02:40   NNW
----------------------------------------------------------------------------------
    71.2  96.5     4    52.1     8    29.0 165.2  9.04   2.1  20.6    10     SSW

Max >=  80.0 15
Max <=  32.0  0
Min <=  32.0  0
Min <=   0.0  0
Max Rain: 3.67 on day 9
Days of Rain: 8 (>= 0.01 in)  6 (>= 0.10 in)  2 (>= 1.00 in)
Heat Base: 65.0  Cool Base: 65.0  Method: Integration