nws-alerts: Checking more than four warning/county codes can delay the loading of your pages. You should use a cron job to get the data.

NOAA-Style Climate Reports

Select a Year or Month report
2018: Jan Feb Mar Apr May Jun Jul Aug Sep Oct Nov Dec
2017: Jan Feb Mar Apr May Jun Jul Aug Sep Oct Nov Dec
2016: Jan Feb Mar Apr May Jun Jul Aug Sep Oct Nov Dec
2015: Jan Feb Mar Apr May Jun Jul Aug Sep Oct Nov Dec
2014: Jan Feb Mar Apr May Jun Jul Aug Sep Oct Nov Dec
2013: Jan Feb Mar Apr May Jun Jul Aug Sep Oct Nov Dec
2012: Jan Feb Mar Apr May Jun Jul Aug Sep Oct Nov Dec
2011: Jan Feb Mar Apr May Jun Jul Aug Sep Oct Nov Dec

Report for 2018 April
                   Monthly Climatological Summary for Apr 2018

Name: Westmoreland Weather   City: Export   State: Pennsylvania
Elevation: 1286 ft  Lat: N 40 26 44   Lon: W 079 35 30

                  Temperature (°F), Rain (in), Wind Speed (mph)

                                      Heat  Cool        Avg
    Mean                              Deg   Deg         Wind                 Dom
Day Temp  High   Time   Low    Time   Days  Days  Rain  Speed High   Time    Dir
----------------------------------------------------------------------------------
01  45.2  52.4   15:50  34.6   09:19  19.8   0.0  0.05   5.6  24.4   02:58   WSW
02  37.3  45.4   12:28  32.8   07:27  27.7   0.0  0.28   1.3   6.9   12:06   SSE
03  47.6  58.2   16:15  33.2   00:21  17.4   0.0  0.66   4.7  30.4   21:03     S
04  42.2  59.3   05:45  29.0   23:42  22.8   0.0  0.63  10.0  39.6   11:59    SW
05  34.2  45.9   16:02  26.9   05:19  30.8   0.0  0.00   5.3  19.0   16:22    SW
06  43.9  56.7   15:04  33.2   23:58  21.1   0.0  0.18   6.5  24.4   13:41   SSW
07  32.9  40.7   17:12  27.2   06:05  32.1   0.0  0.08   3.1  13.0   09:07     N
08  33.1  41.8   13:26  27.0   22:59  31.9   0.0  0.00   2.8  13.6   15:42     N
09  32.4  36.9   15:16  27.6   01:07  32.6   0.0  0.01   2.6  11.4   09:11   ESE
10  36.2  46.8   14:20  25.6   07:08  28.8   0.0  0.04   1.8  13.6   16:34   SSW
11  42.5  53.0   18:07  32.3   02:15  22.5   0.0  0.00   4.4  19.7   16:22   SSW
12  59.9  75.8   18:19  44.5   03:07   8.2   3.1  0.21   8.4  32.0   16:09   SSW
13  71.4  84.6   14:33  60.7   06:59   0.9   7.3  0.00   7.2  25.9   10:56   SSW
14  71.1  83.4   14:48  58.5   06:00   1.2   7.4  0.00   4.2  19.7   15:23     S
15  58.8  70.6   13:55  44.0   22:14   7.0   0.8  0.78   7.3  25.1   15:13    SE
16  40.0  49.0   00:56  31.7   23:58  25.0   0.0  0.65   5.8  24.4   11:52   SSW
17  31.9  35.5   15:51  29.9   07:24  33.1   0.0  0.09   7.0  28.9   13:52    SW
18  41.5  54.9   15:33  30.8   03:07  23.5   0.0  0.05   3.3  20.6   13:19   SSW
19  38.3  46.8   00:00  29.9   09:40  26.7   0.0  0.28   3.8  20.6   15:44    NE
20  41.0  57.1   15:09  26.7   06:12  24.0   0.0  0.00   3.6  17.4   14:25     N
21  46.0  60.5   16:21  28.7   06:44  19.0   0.0  0.00   1.6   9.2   11:06   NNE
22  56.9  71.5   15:26  42.5   06:30   9.3   1.2  0.00   4.1  14.5   11:44   ENE
23  60.1  72.4   16:10  45.8   06:53   6.3   1.4  0.00   7.1  21.3   13:38   SSE
----------------------------------------------------------------------------------
    45.4  84.6    13    25.6    10   471.7  21.2  3.99   4.8  39.6     4     SSW

Max >=  80.0  2
Max <=  32.0  0
Min <=  32.0 12
Min <=   0.0  0
Max Rain: 0.78 on day 15
Days of Rain: 14 (>= 0.01 in)  8 (>= 0.10 in)  0 (>= 1.00 in)
Heat Base: 65.0  Cool Base: 65.0  Method: Integration