nws-alerts: Checking more than four warning/county codes can delay the loading of your pages. You should use a cron job to get the data.

NOAA-Style Climate Reports


Report for 2019 May
                   Monthly Climatological Summary for May 2019

Name: Westmoreland Weather   City: Export   State: Pennsylvania
Elevation: 1286 ft  Lat: N 40 26 44   Lon: W 079 35 30

                  Temperature (°F), Rain (in), Wind Speed (mph)

                                      Heat  Cool        Avg
    Mean                              Deg   Deg         Wind                 Dom
Day Temp  High   Time   Low    Time   Days  Days  Rain  Speed High   Time    Dir
----------------------------------------------------------------------------------
01  71.1  85.2   15:55  55.1   00:39   2.4   8.5  0.01   5.0  23.5   17:13     S
02  68.7  78.9   16:52  60.0   07:05   1.1   4.8  0.24   2.4  12.1   12:14     S
03  65.6  74.4   15:29  60.3   06:23   1.5   2.1  0.07   1.7   9.8   03:37     S
04  63.7  70.8   12:12  59.3   23:28   2.4   1.2  0.02   1.2   6.9   14:35   ESE
05  58.5  63.6   17:06  55.7   23:58   6.5   0.0  0.37   0.8   5.4   16:56     N
06  61.3  76.4   15:50  46.7   08:05   6.4   2.7  0.00   1.7  12.1   12:27     S
07  65.6  80.0   15:22  51.9   04:52   4.1   4.7  0.00   2.9  14.5   15:38     S
08  66.1  80.3   15:16  51.2   05:50   3.9   5.0  0.00   3.0  13.6   21:14     N
09  69.3  81.4   13:02  61.6   05:07   0.9   5.2  0.25   4.1  16.8   14:33     S
10  64.5  73.5   14:54  53.7   23:58   2.1   1.6  0.28   4.4  18.3   06:29     S
11  56.4  66.6   16:30  46.1   06:43   8.7   0.0  0.08   2.7  11.4   09:57    NE
12  52.9  55.5   15:43  51.0   04:23  12.1   0.0  0.96   2.7  13.6   11:22   SSE
13  51.9  56.0   12:53  45.0   23:48  13.1   0.0  0.20   3.6  11.4   05:18     S
14  46.6  53.0   14:27  40.5   02:27  18.4   0.0  0.00   3.4  12.1   14:27   SSE
15  55.4  68.8   13:23  38.7   06:24  10.1   0.5  0.00   3.4  17.4   11:47     S
16  63.1  76.5   14:20  49.5   06:15   5.0   3.1  0.01   2.8  15.2   16:03     S
17  64.2  71.1   17:14  57.8   07:14   1.8   1.0  0.20   3.9  13.6   08:52     S
18  67.3  81.9   16:22  57.5   05:38   2.5   4.8  0.17   1.8  16.8   19:06     S
19  73.9  85.4   14:07  60.9   04:55   0.6   9.5  0.00   4.9  19.0   12:28     S
20  66.7  75.8   14:45  54.6   23:59   1.0   2.8  0.05   6.3  22.8   13:29     S
21  55.6  65.2   13:46  45.9   06:13   9.4   0.0  0.00   2.3  10.7   13:31     N
----------------------------------------------------------------------------------
    62.3  85.4    19    38.7    15   114.0  57.5  2.91   3.1  23.5     1       S

Max >=  80.0  6
Max <=  32.0  0
Min <=  32.0  0
Min <=   0.0  0
Max Rain: 0.96 on day 12
Days of Rain: 14 (>= 0.01 in)  8 (>= 0.10 in)  0 (>= 1.00 in)
Heat Base: 65.0  Cool Base: 65.0  Method: Integration